*i - 8 - 6*r + r**3 - r + 0*r - 5*r. What are the prime factors of f(-11)?
3
List the prime factors of (17 + 1)*65/26.
3, 5
Suppose l - 3 = -3*q - 0, 4*q = -4*l - 4. Let w(x) = 2*x**2 + 2*x - 3. List the prime factors of w(l).
3
Let g be ((-2)/6)/(-1)*15. Suppose v - 3*v - 5 = -5*r, -g*r - v + 20 = 0. Suppose d + r*n = -2, 4*n + 30 = d - n. List the prime factors of d.
2, 5
Let i(u) = u - 5. Let t be i(0). Let b = t + 7. Suppose c - 9 = -b*p - p, 0 = -2*p - 4. List the prime factors of c.
3, 5
Let b(j) = j**3 + 9*j**2 - 3*j + 4. What are the prime factors of b(-5)?
7, 17
Let w(y) = -y**3 - 5*y**2 - 4*y + 2. What are the prime factors of w(-6)?
2, 31
Suppose 2*i = -i + 6. Suppose -i*v = 2 - 0. What are the prime factors of 4 + v/(-2)*-2?
3
List the prime factors of 490/16 + 12/32.
31
List the prime factors of (-1178)/57*27/(-2).
3, 31
Let z(u) = u - 6. Let b be z(10). Suppose 0 = -4*r + 3*g - 0 - b, -5*r - 2 = -3*g. List the prime factors of r.
2
What are the prime factors of -13*15*36/(-54)?
2, 5, 13
Suppose -2*y = 10, 2*k - 300 = -2*k + 4*y. What are the prime factors of k?
2, 5, 7
Let h be (-1)/(((-12)/9)/(-4)). List the prime factors of 18 + ((-9)/h)/(-1).
3, 5
Let j be (166/2)/1*1. Suppose -3*b - 28 = -2*f - 4*b, 4*b + j = 5*f. List the prime factors of 10/(-4)*(-24)/f.
2
Suppose 0 = 43*d - 37*d - 2370. What are the prime factors of d?
5, 79
Suppose 5*u = 179 + 156. Let t = u + -48. List the prime factors of t.
19
Suppose 0 = 2*h - 0*h + 2*t, -12 = 2*h - 4*t. Let g(l) = 1. Let u(f) = 5*f - 1. Let z(q) = -3*g(q) - u(q). List the prime factors of z(h).
2
Suppose 3*j - 5 = 4*j. Let d = -2 - j. Suppose 4*u - 5*f - 1 = 2*u, -u + d = -2*f. List the prime factors of u.
13
What are the prime factors of -2 - (-264)/(4 + 0)?
2
Let d = -19 - -82. List the prime factors of d.
3, 7
Let m(f) = f**3 - 10*f**2 + 12*f - 11. Let u be (-10 + 6)/((-1)/8). Let j = u - 23. List the prime factors of m(j).
2
Suppose 0 = -2*n + x + x + 110, n - 2*x - 57 = 0. What are the prime factors of n?
53
Suppose -4*m - 2*s + 92 = 38, -12 = -m - s. Suppose -1 = -5*f - 5*t + 74, 2*f - 3*t - m = 0. List the prime factors of f.
2, 3
What are the prime factors of (-2988)/18*(-1 - 1)/4?
83
Let k = -8 - -17. Let j = 6 - k. Let d(q) = -5*q - 1. List the prime factors of d(j).
2, 7
Let n = 48 + -68. Let p = -7 - n. List the prime factors of p.
13
Let g(m) = m**3 - 4*m**2 - 3. Let w be g(3). List the prime factors of 36/(-8)*w/9.
2, 3
Suppose -2*g + 3 = -87. Suppose 0 = 5*v - h - g - 14, 0 = 2*h + 8. List the prime factors of v.
11
Suppose 0 = -3*c - 3*t - t + 13, -4 = -c - t. What are the prime factors of (-3)/(-9) - (-11)/c?
2
Let t(u) = 7*u**2 - 6*u - 13. What are the prime factors of t(4)?
3, 5
Let r = -21 - -31. Suppose -q + r = 4*q. Suppose q*j + j - 21 = 0. What are the prime factors of j?
7
Let s = -10 - -4. Let o be 255/(-9) - 2/s. Let x = -17 - o. List the prime factors of x.
11
Let p(d) = -d + 4 - 4 - 4. Let z be p(-8). Let q = z + 0. What are the prime factors of q?
2
Let n be 8/(-10)*15/(-6). Suppose -n*b + 2*s + 11 = -s, 2*b - 35 = -5*s. Suppose 0 = 5*g + 3*y - b - 1, g - 4*y - 16 = 0. List the prime factors of g.
2
List the prime factors of (-3)/(-6) - ((-430)/4 + -2).
2, 5, 11
Suppose 1 = g - 1. Suppose -7 - 1 = -g*s. What are the prime factors of s?
2
Suppose 4*w - 2*c - 26 = 6, 2*c = 3*w - 26. Let r be (-2)/w*(-3 - 3). What are the prime factors of (-1 - -3)/(r/8)?
2
Let v = -6 + 4. Let l be (0 - v) + 8 + -2. Suppose -l = -2*h + 2. List the prime factors of h.
5
Suppose 4*d + 5*c = 2, -14*d + 16*d + 2*c = 2. What are the prime factors of d?
3
Let y = -6 - -4. List the prime factors of 3*(34/6 + y).
11
List the prime factors of 1256/14 + 10/35 + -2.
2, 11
Let h be (-7)/(-2) - 1/(-2). Suppose -h*m - 21 = -7*m. What are the prime factors of m?
7
Suppose -5*i + 200 = -525. What are the prime factors of i?
5, 29
Suppose -13 = -i - 4*b, 0 = -2*i - 3*b - 22 + 63. Suppose -x + 0*u + u + i = 0, -2*x + 3*u + 45 = 0. What are the prime factors of x?
2, 3, 5
Let j(o) be the third derivative of o**4/24 - o**3/6 + 3*o**2. Let g be j(9). Let v = g + -5. List the prime factors of v.
3
Let j(q) = -q**2 + 3*q - 1. Let x be j(1). Let t be ((-3)/(3*-1))/x. Suppose 0 = 4*l - t - 31. List the prime factors of l.
2
Let i = -78 - -86. Let d(n) = -3*n + 14. Let t(x) = 1. Let j(h) = -d(h) + 6*t(h). What are the prime factors of j(i)?
2
Let w(f) = 5*f - 3. Suppose -5*h + 18 = -4*z - 8, -2*z - 8 = 0. Suppose h*j = -3 + 11. List the prime factors of w(j).
17
Let j(i) = -i + 12. Let z be j(6). Let n(p) = 5*p + 5*p - 10*p - 6 + 4*p. List the prime factors of n(z).
2, 3
List the prime factors of 151/((-14)/(-21) - (-1)/3).
151
Let i = 224 + -78. What are the prime factors of i?
2, 73
What are the prime factors of (84 - (3 + -3)) + 4/(-4)?
83
What are the prime factors of ((-28)/6)/((-44)/1122)?
7, 17
Let s(d) = -d**3 - 5*d**2 + 2*d. Let z be s(-6). Suppose -2*i = 2*a + z, -5*a + 8 = 4*i - 3*i. Let y = -8 - i. List the prime factors of y.
3
Suppose -g - u + 8 = 0, 3*g = -0*g + 4*u - 11. Suppose g*i = 5*i - 22. List the prime factors of i.
11
Let u(f) = 2*f + 12. Let g be u(-6). Suppose -5*x - 5 = 0, -4*o + 77 = -x - g*x. What are the prime factors of o?
19
Let i = 19 - 11. What are the prime factors of i?
2
Let d be 9/12 - (-50)/8. Let g = 14 + d. What are the prime factors of g?
3, 7
Let a(t) = -4*t**3 + 2*t**2 + t. Let b be a(2). What are the prime factors of (-1 - -1 - 1)*b?
2, 11
List the prime factors of 616/6 + (-4)/(-3).
2, 13
Let d = -15 - -8. Suppose 0 = -g + 3*g. What are the prime factors of g - 0 - d*1?
7
Let h = -50 - -80. List the prime factors of h.
2, 3, 5
Let w be 27/6 + 2/(-4). Let f be 8/(-4) + w*1. Suppose -3*d = -5*s - 0*s - 15, d + f = 4*s. What are the prime factors of d?
2, 5
Let t = -10 - -12. What are the prime factors of t?
2
Suppose 4*f + f + 5*p - 895 = 0, -4*f + 736 = -p. List the prime factors of f.
3, 61
Suppose z - 2*z + 2 = 0. Suppose z*m = -4 + 12. Suppose -5*t + 3*a = m*a - 58, 0 = -5*t + a + 52. List the prime factors of t.
11
Suppose -2*d + y + 209 = 0, d + 2*d - 294 = -5*y. List the prime factors of d.
103
Let y = -1 + 5. Suppose 0 = -0*w + 4*w - 24. List the prime factors of (y/w)/((-2)/(-18)).
2, 3
Suppose -194 - 241 = -3*i. What are the prime factors of i?
5, 29
Suppose t = -8*t + 72. What are the prime factors of t?
2
Suppose 2*f - 25 = t, -2*t + 2*f - 57 = 5*f. List the prime factors of 1/3 + (-207)/t.
2
Suppose -q - 3*q = -48. List the prime factors of q.
2, 3
Let n = 45 - 28. List the prime factors of n.
17
Let k(n) = -4*n**2 - n**3 - n**2 - 2 - 4. Let q be k(-5). What are the prime factors of q/(1*(-2 + 1))?
2, 3
Let f be (0 - 1) + 4 + -6. Let u(z) = 2*z**2 - z - 2. What are the prime factors of u(f)?
19
Let f(p) = 5*p - 3. Let r be (-3 + 6)/(9/6). List the prime factors of f(r).
7
Suppose -3*v - 4*x = -8 + 4, 3*x - 25 = -5*v. Suppose -w = -v - 13. Let p = -12 + w. What are the prime factors of p?
3
Suppose 44 + 80 = 4*j - 2*g, -2*g - 91 = -3*j. What are the prime factors of j?
3, 11
Suppose -2*k - k = -6. Suppose -9 = -k*x + 1. Let j = -2 + x. List the prime factors of j.
3
Let b(r) = 2*r + 3. Let n(x) = 2*x**2 - 3*x + 2. Let t be n(2). What are the prime factors of b(t)?
11
Suppose 24 = g + h, g + 5*h + 32 = 4*g. Suppose -p = -4*c + 3*p + 28, -c = -4*p - g. List the prime factors of c.
3
Let g be 0 + -1 - (-2)/2. Let c(l) = l**3 - l**2 + 12. Let u be c(g). List the prime factors of (u/14)/(2/14).
2, 3
Suppose 18 - 2 = 4*a. Suppose -a*d - f = 3*f - 52, -5*f = d - 29. List the prime factors of d.
3
Let p = 194 - -12. List the prime factors of p.
2, 103
Suppose -h - 1 + 13 = 0. What are the prime factors of (-3)/2*h/(-9)?
2
Let c = -1 + 1. Suppose -f + 2*k - 4 = -23, 4*f - 2*k - 58 = c. List the prime factors of f.
13
Let p = 5 - 0. Suppose 2 = d - 5*x - 1, 4*x - 73 = -p*d. List the prime factors of d.
13
Let w = 0 - 2. What are the prime factors of w + (7 - (0 - -2))?
3
Let s(c) = 5*c - 6. Let i be s(4). Let a be 78/(-14) - (-44)/77. Let n = i + a. List the prime factors of n.
3
Let g(l) = -l - 2. Let f be g(-2). Let b be f + 6/3 - 11. List the prime factors of (-48)/b*(-3)/(-2).
2
Suppose -4*m - 4*n = n - 617, -3*n = -3*m + 456. What are the prime